 24)) + (-5 - 10)?
-142
Calculate (-1 - -10) + -2 + 17 + 12 + -8 + 11.
39
What is the value of 0 + 5 - (74 + (-273 - -119))?
85
Calculate 277 + -351 + 24 + -11.
-61
What is (1 + 38 - (2034 + -1922)) + 29?
-44
Calculate -1017 + 1109 - (5 + -3 - (-1 + 3 + 11)).
103
Calculate -66 + 66 - (-8 + -2) - 3.
7
Calculate 11 - (-2 + 3) - (0 - -34 - (-453 - -495)).
18
Evaluate (-1 + -24 - -24) + (-4 - 23).
-28
(-18 - -22 - -10) + -44
-30
What is the value of (-82 - (-186 - -131)) + (4 - -1)?
-22
What is the value of -3 + 4 + -21 + 11 + -3 - 9?
-21
What is 0 - 8 - (-159 - -233)?
-82
(133 - (-3 + (4 - 6) - -9)) + 785 + -782
132
50 + -18 - (1 + -7 + 5 + 8)
25
Calculate -138 + -1 + (7712 - 7642).
-69
(-16 - (-150 - -85 - (-1 - -10))) + 13
71
Calculate 37 + 20 + -34 + -16.
7
25 + (22 - 19 - 0)
28
5 + (8 - (1 + 11 - (39 + -18)))
22
Evaluate -87 - (55 + -39 - 54).
-49
What is the value of 37 + 37 + -66 + 47?
55
Evaluate 0 + -32 - (-39008 + 39014).
-38
Evaluate -46 + (108 - (51 - 22)).
33
Calculate 2 + 19 + (-94 + 33 - 0).
-40
(-130 - -167 - ((10 - (3 + -3)) + -4)) + 11
42
What is the value of (155 - 83) + -96 - (-1 - 11 - -2)?
-14
What is the value of 13 + (62 - (-6 + -8 + 14)) - -13?
88
Evaluate (1 - -44) + (466 - 468) + 20.
63
Calculate 64 + (1 + (-18 - 14) - -7).
40
Evaluate 31 + 27 + -45 - (4 - (-4 + 7 + 105)).
117
What is 744 - 773 - (-2 + 3 - -5 - (11 + -7))?
-31
What is 0 + 2 - (-62 + 1) - (58 + -64 - -4)?
65
What is -6 + (-16 - (-5 + (10 - (8 - 7)))) - 10?
-36
What is the value of 1 + -4 - 11 - (13 - -44 - 30) - -1?
-40
What is the value of (-2 - -13 - -4) + (53 - -33 - 24)?
77
Evaluate 11 - (-9 + 35) - (6 - (13 - 1)).
-9
Calculate (-22 - -26) + -17 + 121 + 12.
120
Evaluate (-18 - 1) + (-12 + 9 - (1 + (3 - 3))).
-23
Evaluate (-42 - 86) + -308 + 465.
29
(-10 + -19 - -49) + -40
-20
What is (14 - 26 - (-7 + -5)) + -39?
-39
Evaluate -2 + -15 + 57 + 1 + (620 - 667).
-6
What is the value of -14 + (38 - 58 - (-6 - 22))?
-6
Calculate -25 - 1 - ((17 - 23) + -83).
63
What is -27 - -21 - (211 + -207)?
-10
What is 28 + -55 + 29 + 42?
44
-1 - -2 - -48 - (12 + 311 + -333)
59
20 + -37 + 81 + -44
20
Calculate (-1 + (-12 - -20) - ((83 - 9) + 11)) + 4.
-74
What is (11 - 32) + 29 - (-2 - 7)?
17
What is 11 + 10 + 13 + -26 + 59?
67
Evaluate 1 + (-33 - (-14 - -7 - -20)) - 0.
-45
80 + (12 - 14 - 14) + -21
43
What is the value of -13 + -83 + (2 + -5 - 0) + (37 - 22)?
-84
Evaluate 5 + (25 - -31 - 72).
-11
Calculate (-55 - -4) + 127 - 78.
-2
21 - (15 + (-21 - -10) + 21)
-4
What is the value of 22 + -1 - (34 + -57 + 35) - -30?
39
What is the value of -117 + (87 - 33) - (-5 + -8)?
-50
What is -2 + (-71 - (-1 + (6 - -13 - (2 - -3))))?
-86
Calculate -3 + 12 + (-1 - 0) - (3 + 9).
-4
Calculate -4 - -1 - (-87 - (155 - 220)).
19
Evaluate -1 - (28 - -1) - (16 + -2 + -32 + 14).
-26
What is the value of -15 - ((174 - 139) + 52 + -10)?
-92
What is the value of -82 - -89 - (89 - -21)?
-103
What is (-28 + (23 - 3) - -7) + 0 + 48?
47
-3 + (-3 - -27) - (433 - 450)
38
What is the value of 2280 + -2293 - (2 - -29)?
-44
Calculate (2 - 8) + -100 + 87 + 26.
7
Calculate -44 - (-4 + (-7 - 2) + 21 - 12).
-40
Evaluate 4 + (48 - 7) + (-7 + 16 - (-7 - -14)).
47
Evaluate -4 + 7 + (11 + -3 - 24 - -4) + -8.
-17
0 + (-9 - 1) - (25684 - 25638)
-56
33 - ((-23 - (5 - 39)) + -87)
109
36 + (28 + -51 - 12) + (-12 - 2)
-13
Evaluate 31 + -17 + (9 - (5 - 28)) + -6.
40
What is the value of 1 - -43 - ((-2 - -8) + 9) - -14?
43
119 - (17 + 24 + 18)
60
59 + (-6 - (2 + 18 + -14 + -2))
49
Calculate 22 - 73 - -85 - -8.
42
Calculate 4 + -8 + 56 + 2 - 9.
45
What is the value of 19 + -29 + (20 - -9)?
19
Evaluate 561 + -576 - (-25 - 0) - -11.
21
What is (-5490 - -5470) + -39 + 0?
-59
What is -3 + 10 + 3 + 4 + -14 + 5 - -58?
63
Evaluate (-166 - -120) + (2 + -1 - (4 - (-1 + 1))).
-49
What is the value of ((-121 - -68) + 58 - (118 + 0 + -1)) + 3?
-109
What is (-3 + (-5 - 3) - -22) + -56 + (-4 - 5)?
-54
-28 - (-2 - 28 - (249 + -216))
35
Evaluate -52 - -78 - (-10 + -3 - -16).
23
What is 150 - -4 - (2093 - 1911)?
-28
What is 10 - 1 - (24 - (-20 + 33))?
-2
Evaluate 50 + 0 + (13 - 9 - (27 + (-68 - -32))).
63
Evaluate 17 + -15 + 13 - 69.
-54
What is (-3 + -4 - 0) + (192 - 184) + 41?
42
What is (2 - (5 - 43)) + (-133 - -119)?
26
Calculate -49 + (0 - 0) - (9642 - 9664).
-27
What is 93 - -59 - (-94 + 216)?
30
What is -8 + 46 + (30 - -9 - 96)?
-19
What is -7 + (5 - (3 - (2 + -1 + 3 - 4)))?
-5
What is 18 + 4 + -20 + (-3 - (41 + -2))?
-40
What is (3 - (0 - 1)) + -28 + -133 + 203?
46
Evaluate -3 + (17 - (-22 + (-45 - 2))).
83
What is the value of 69 + -13 - (481 - 439)?
14
What is 63 - (4 + 6 + -3 + -1)?
57
Evaluate 0 + ((-2 - -3) + 1 - 11) + 12 - 4.
-1
What is -4 + 2 + (14 - 7) + (15 - 122)?
-102
Evaluate 59 + -48 - (26 - -1) - 9.
-25
What is 14 + -21 - 10 - -12 - 23?
-28
28 + 46 + 10 + -17 + -14 + -20
33
What is 1 - (-4 + 2 - 1 - (35 + -43) - 4)?
0
What is 11 + (32 - -4) + -31 - (0 - -11)?
5
Evaluate 17 + -7 + (74 - 18).
66
Evaluate -7 + -6 - -24 - (-14 - -3 - 7).
29
-20 + 15 + 28 + -26 - (4 + 11 - -3)
-21
Evaluate 17 - (-8 + (35 - 21)).
11
What is 2 - (-12 + 13 + 13) - (2 + (-1 - 14))?
1
Calculate -10 + (4 + 8 - -29) + 12.
43
Calculate 19 + 10 + 0 + 3 + (32 - (15 + 12)).
37
What is 71 + (-4 - 3) + (-1 - 3) + (190 - 196)?
54
What is the value of -1 + 28 - (-20 - -24) - (8 + -20 + 4)?
31
Calculate (-289 + 88 - -90) + 80.
-31
Calculate (15 + -2 - (11 - -23)) + 23.
2
What is 72 + (115 - 132 - 78)?
-23
Calculate -11838 + 11837 - (0 + -69 + 1).
67
(6 - (2 - 4)) + (122 - 104 - (72 + -9))
-37
Evaluate -16 + (-6 - 32) + -26 + 27.
-53
Evaluate 27 + (45 - (-25 - -53) - -22).
66
What is the value of -91 - 1 - (-143 + 77)?
-26
What is (41 - (92 + -94)) + -3 + 104?
144
25 + (-12 + 3 - (-121 + 106))
31
What is the value of -20 + (35 - 66) + 0?
-51
(-18 - -37 - -27) + -18 - -15
43
What is the value of (4 + -3 + 5 - 15) + (-2 - 22)?
-33
Calculate (-1479 - -1488 - (-1 - 20)) + -19.
11
(-79 - -182) + -107 + (-2 - 6)
-12
7 - (-13 + (25 - (10 - 14)) - -22)
-31
-81 - (-41 - 60) - 12
8
What is 55 - (26 + -18 + -4 + (0 - -1))?
50
-27 + 35 + (14 - 2 - -2)
22
What is the value of -10 + (0 + 2 - (8 - (-11 + -4 + 83)))?
52
What is (-12 - -3) + -5 + (58 - 61)?
-17
-11 + 112 + -156 - (-16 - 0)
-39
Calculate -5 - (-7 + -25) - (5 - -37).
-15
What is 5 + 2 - 5 - (1 - 72) - (-150 - -156)?
67
What is 1187 + -1181 + (-7 - (-2 + (-2 - (-1 + 0))))?
2
Calculate 5 + -2 + 4 + (46 - 59) + -9.
-15
(-1 - -2) + (-1580 - -1611)
32
Calculate 19 - (18 - (17 - 2)).
16
What is 56 + -25 + 10 - (9 + -10)?
42
(-6 - -27 - 18 - -52) + -26
29
Calculate 19 - ((12 - -2 - (-4 + 13)) + -2).
16
-4 + -7 + 353 + -298
44
What is the value of 3 - (12 - 5 - (16 + -5)) - 9 - 10?
-12
(2 + 3 + -10 - -4) + (37 - -5 - -4)
45
Evaluate (2 - (3 - 66)) + 2822 + -2825.
62
What is (-1 - -9) + ((-7 - (18 - 12)) + 29 - 6)?
18
38 - (9 - 0 - -43)
-14
-13 + (-37 - -37) + 13 + 1 + -5
-4
(33 - -1) + -153 + 134
15
Evaluate (-266 - -271) + -5 + 6 + 21 + 5 + 2.
34
What is (21 - 83) + -2 + 10 + 3 + 2 + -4?
-53
Calculate 91 + -11 + -14 + (5 - (-21 + 19)).
73
What is the value of 37 + (13 + -39 - -31 - -20)?
62
2 - (1 - -1) - (-34 + 3 + -58 + 21)
68
Evaluate (69 + -50 - 77) + 47.
-11
-37 - (22 - (21 + 5) - -6)
-39
-178 + 157 + (1 + 14 - 2)
-8
14 + -139 + 0 - -11
-114
What is -2 - (-22 + (-1 - (8 - -7) - (-2 + -6)))?
28
123 + -103 + 104 + -91
33
What is 19 + (-49 + 54 - 28)?
-4
What is (66 - 2) + 178 + -169 - 17?
56
(4 - (2 - 14)) + 20 + (8 + -1 - 0)
43
What is the value of 79 + -48 + (-25 - 3) + -16 - (-78 - -1)?
64
Evaluate (-19 + 6 + 38 - -6) + -23.
8
-42 - (-30 + (-28 - -51))
-35
What is the value of 4 - -1 - (16 + 12 + -17 + -16 - -3)?
7
Calculate 11 + -43 + (-29 - (-17 + -10)).
-34
What is (14 - (20 - 36)) + (6 - 4 - -5 - -4)?
41
Calculate (3 - (-23 + 38)) + -32.
-44
-2350 + 2294 + 121 + 0
65
What is 2 + 47 + -3 + (23 + (7 - 11) - 28)?
37
What is the value of -11 + 22 - (17 + 2 - (166 - 152))?
6
0 + (4 - 0) - (63 - (96 - -23 - 62))
-2
Evaluate -6 + -6 + (31 - (56 - -13)).
-50
Evaluate 4 + -4 + -2 + 142 + -127 + 51.
64
Calculate 13 - (16 + (-28 - -13)) - -26.
38
Calculate -7 - ((44 - 15) + -65) - 71.
-42
Calculate 30 - (-20 - (14 - 28) - 17).
53
Evaluate 9 + (-4 + 107 - ((-7 - (2 + -18)) + 6)).
97
What is the value of (8 - 